{"id":148,"date":"2017-03-31T15:45:51","date_gmt":"2017-03-31T13:45:51","guid":{"rendered":"http:\/\/www.msha.fr\/blasphemereneurope\/?page_id=148"},"modified":"2017-03-31T15:45:51","modified_gmt":"2017-03-31T13:45:51","slug":"espagne","status":"publish","type":"page","link":"https:\/\/www.msha.fr\/blasphemereneurope\/index.php\/espagne\/","title":{"rendered":"Espagne"},"content":{"rendered":"<p>[vc_row row_type=\u00a0\u00bbrow\u00a0\u00bb use_row_as_full_screen_section=\u00a0\u00bbno\u00a0\u00bb type=\u00a0\u00bbgrid\u00a0\u00bb text_align=\u00a0\u00bbleft\u00a0\u00bb padding_top=\u00a0\u00bb40&Prime; padding_bottom=\u00a0\u00bb40&Prime; css_animation=\u00a0\u00bb\u00a0\u00bb][vc_column][vc_row_inner row_type=\u00a0\u00bbrow\u00a0\u00bb type=\u00a0\u00bbfull_width\u00a0\u00bb use_row_as_full_screen_section_slide=\u00a0\u00bbno\u00a0\u00bb text_align=\u00a0\u00bbleft\u00a0\u00bb css_animation=\u00a0\u00bb\u00a0\u00bb][vc_column_inner width=\u00a0\u00bb1\/6&Prime;][\/vc_column_inner][vc_column_inner width=\u00a0\u00bb2\/3&Prime;][vc_single_image image=\u00a0\u00bb72&Prime; alignment=\u00a0\u00bbcenter\u00a0\u00bb qode_css_animation=\u00a0\u00bb\u00a0\u00bb][vc_column_text]<\/p>\n<h4 style=\"text-align: center;\"><span style=\"color: #11299f;\">Intransigeant<br \/>\n<\/span><\/h4>\n<h3 style=\"text-align: center;\"><span style=\"color: #11299f;\">Espagne<br \/>\n<\/span><\/h3>\n<p>[\/vc_column_text][vc_empty_space height=\u00a0\u00bb30px\u00a0\u00bb][vc_column_text]<\/p>\n<p class=\"p1\" style=\"text-align: justify;\">En Espagne, longtemps la foi catholique et la conscience hispanique n\u2019ont fait qu\u2019un. Le r\u00e9gime Franquiste avait renforc\u00e9 cette institutionnalisation du r\u00f4le de l\u2019Eglise catholique dans la soci\u00e9t\u00e9 espagnole en 1945. Mais l\u2019av\u00e8nement de la monarchie (1975) et l\u2019instauration de la constitution (1978) \u00e9tablissent \u00ab\u00a0<i>un Etat de droit social et d\u00e9mocratique<\/i>\u00a0\u00bb (art. 1<sup>er<\/sup>), o\u00f9 \u00ab\u00a0<i>aucune confession n\u2019aura le caract\u00e8re de religion d\u2019Etat<\/i>\u00a0\u00bb. L\u2019art. 16, compte tenu \u00ab\u00a0<i>des croyances religieuses de la soci\u00e9t\u00e9 espagnole<\/i>\u00a0\u00bb pr\u00e9voit des \u00ab\u00a0<i>relations de coop\u00e9ration avec l\u2019Eglise catholique et les autres confessions<\/i>\u00a0\u00bb. Cette recherche de consensus t\u00e9moigne des transformations de l\u2019Eglise catholique mais aussi de la soci\u00e9t\u00e9 espagnole apr\u00e8s la chute de Franco. S\u2019inscrivant dans une logique de s\u00e9cularisation plus que de la\u00efcisation, l\u2019Espagne garantie donc la libert\u00e9 religieuse mais aussi favorise la coop\u00e9ration. D\u00e8s la rentr\u00e9e scolaire 2007, les \u00e9coliers suivent une \u00ab\u00a0\u00e9ducation \u00e0 la citoyennet\u00e9\u00a0\u00bb que l\u2019Eglise Catholique d\u00e9nonce. Dans le m\u00eame temps, les cours de religions ne sont plus obligatoires.<\/p>\n<p>[\/vc_column_text][vc_empty_space height=\u00a0\u00bb30px\u00a0\u00bb][vc_single_image image=\u00a0\u00bb149&Prime; img_size=\u00a0\u00bbmedium\u00a0\u00bb alignment=\u00a0\u00bbcenter\u00a0\u00bb qode_css_animation=\u00a0\u00bb\u00a0\u00bb][\/vc_column_inner][vc_column_inner width=\u00a0\u00bb1\/6&Prime;][\/vc_column_inner][\/vc_row_inner][\/vc_column][\/vc_row][vc_row row_type=\u00a0\u00bbrow\u00a0\u00bb use_row_as_full_screen_section=\u00a0\u00bbno\u00a0\u00bb type=\u00a0\u00bbgrid\u00a0\u00bb text_align=\u00a0\u00bbleft\u00a0\u00bb background_image=\u00a0\u00bb12&Prime; pattern_background=\u00a0\u00bbpattern_background\u00a0\u00bb css_animation=\u00a0\u00bb\u00a0\u00bb][vc_column width=\u00a0\u00bb1\/2&Prime;][vc_empty_space height=\u00a0\u00bb40px\u00a0\u00bb][vc_column_text]<\/p>\n<p class=\"p1\" style=\"text-align: justify;\">L\u2019article 239 du code p\u00e9nal, avant son abrogation en 1988, d\u00e9clarait\u00a0:<\/p>\n<p class=\"p2\" style=\"text-align: justify;\"><i>\u00ab\u00a0Art. 239. \u2013 Celui qui a blasph\u00e9m\u00e9 par \u00e9crit ou de mani\u00e8re publique ou par des paroles ou des actes qui ont produit un grave scandale public sera puni d\u2019une peine d\u2019emprisonnement majeure et d\u2019une amende de trente mille \u00e0 cent cinquante mille pesetas.\u00a0\u00bb<\/i><\/p>\n<p class=\"p1\" style=\"text-align: justify;\">Pratiquement plus appliqu\u00e9e, seules deux condamnations en 1983 avaient \u00e9t\u00e9 prononc\u00e9es. Pourtant, deux articles encore en vigueur sont proches et permettent une r\u00e9pression du blasph\u00e8me.<\/p>\n<p class=\"p4\" style=\"text-align: justify;\"><span class=\"s1\"><b>Code p\u00e9nal espagnol<\/b>\u00a0: Chapitre II \u2013 Des d\u00e9lits commis \u00e0 l\u2019occasion de l\u2019exercice des droits de la personne reconnus par les lois, Section III \u2013 Des d\u00e9lits contre la religion catholique<\/span><\/p>\n<p class=\"p5\" style=\"text-align: justify;\"><i>\u00ab\u00a0Art. 208. \u2013 Celui qui accomplira des actes de profanation en offensant les sentiments religieux l\u00e9galement prot\u00e9g\u00e9s sera puni d\u2019une peine de prison mineure (de six mois un jour \u00e0 six ans d\u2019emprisonnement) et d\u2019une amende de cent mille \u00e0 cinq cent mille <\/i>pesetas<\/p>\n<p>[\/vc_column_text][vc_empty_space height=\u00a0\u00bb40px\u00a0\u00bb][\/vc_column][vc_column width=\u00a0\u00bb1\/2&Prime;][vc_empty_space height=\u00a0\u00bb40px\u00a0\u00bb][vc_column_text]<\/p>\n<p class=\"p1\" style=\"text-align: justify;\"><i>On appliquera la peine maximale si les faits pr\u00e9vus au paragraphe pr\u00e9c\u00e9dent sont accomplis dans un temple, dans un lieu destin\u00e9 au culte ou aux c\u00e9r\u00e9monies de celui-ci, manifestations autoris\u00e9es officiellement pour autant que cette requ\u00eate soit n\u00e9cessaire.<\/i><\/p>\n<p class=\"p1\" style=\"text-align: justify;\"><i>Si les faits rev\u00eatent une plus grande gravit\u00e9 ou une circonstance aggravante, on appliquera la peine du degr\u00e9 sup\u00e9rieur.\u00a0\u00bb<\/i><\/p>\n<p class=\"p2\" style=\"text-align: justify;\"><i>\u00ab\u00a0Art. 209. \u2013 Celui qui oralement ou par \u00e9crit se moquerait d\u2019une confession religieuse ou qui outragerait publiquement ses dogmes, rites ou c\u00e9r\u00e9monies sera puni d\u2019une peine de prison mineure (de six mois \u00e0 six ans d\u2019emprisonnement), si les faits se produisent pendant la c\u00e9l\u00e9bration d\u2019un culte ou dans un lieu destin\u00e9 \u00e0 les c\u00e9l\u00e9brer et par une privation de libert\u00e9 majeure (de un jour \u00e0 six mois) dans les autres cas [\u2026]\u00a0\u00bb<\/i><\/p>\n<p class=\"p4\" style=\"text-align: justify;\">L\u2019\u00e9crivain Fernando Arrabal est jug\u00e9 pour blasph\u00e8me en 1967 par un tribunal de l\u2019Espagne franquiste.<\/p>\n<p>[\/vc_column_text][vc_empty_space height=\u00a0\u00bb40px\u00a0\u00bb][\/vc_column][\/vc_row]<\/p>\n","protected":false},"excerpt":{"rendered":"<p>[vc_row row_type=\u00a0\u00bbrow\u00a0\u00bb use_row_as_full_screen_section=\u00a0\u00bbno\u00a0\u00bb type=\u00a0\u00bbgrid\u00a0\u00bb text_align=\u00a0\u00bbleft\u00a0\u00bb padding_top=\u00a0\u00bb40&Prime; padding_bottom=\u00a0\u00bb40&Prime; css_animation=\u00a0\u00bb\u00a0\u00bb][vc_column][vc_row_inner row_type=\u00a0\u00bbrow\u00a0\u00bb type=\u00a0\u00bbfull_width\u00a0\u00bb use_row_as_full_screen_section_slide=\u00a0\u00bbno\u00a0\u00bb text_align=\u00a0\u00bbleft\u00a0\u00bb css_animation=\u00a0\u00bb\u00a0\u00bb][vc_column_inner width=\u00a0\u00bb1\/6&Prime;][\/vc_column_inner][vc_column_inner width=\u00a0\u00bb2\/3&Prime;][vc_single_image image=\u00a0\u00bb72&Prime; alignment=\u00a0\u00bbcenter\u00a0\u00bb qode_css_animation=\u00a0\u00bb\u00a0\u00bb][vc_column_text] Intransigeant Espagne [\/vc_column_text][vc_empty_space height=\u00a0\u00bb30px\u00a0\u00bb][vc_column_text] En Espagne, longtemps la foi catholique et la conscience hispanique n\u2019ont fait qu\u2019un. Le r\u00e9gime Franquiste avait renforc\u00e9 cette institutionnalisation du r\u00f4le de&#8230;<\/p>\n","protected":false},"author":2,"featured_media":0,"parent":0,"menu_order":0,"comment_status":"closed","ping_status":"closed","template":"full_width.php","meta":[],"_links":{"self":[{"href":"https:\/\/www.msha.fr\/blasphemereneurope\/index.php\/wp-json\/wp\/v2\/pages\/148"}],"collection":[{"href":"https:\/\/www.msha.fr\/blasphemereneurope\/index.php\/wp-json\/wp\/v2\/pages"}],"about":[{"href":"https:\/\/www.msha.fr\/blasphemereneurope\/index.php\/wp-json\/wp\/v2\/types\/page"}],"author":[{"embeddable":true,"href":"https:\/\/www.msha.fr\/blasphemereneurope\/index.php\/wp-json\/wp\/v2\/users\/2"}],"replies":[{"embeddable":true,"href":"https:\/\/www.msha.fr\/blasphemereneurope\/index.php\/wp-json\/wp\/v2\/comments?post=148"}],"version-history":[{"count":1,"href":"https:\/\/www.msha.fr\/blasphemereneurope\/index.php\/wp-json\/wp\/v2\/pages\/148\/revisions"}],"predecessor-version":[{"id":150,"href":"https:\/\/www.msha.fr\/blasphemereneurope\/index.php\/wp-json\/wp\/v2\/pages\/148\/revisions\/150"}],"wp:attachment":[{"href":"https:\/\/www.msha.fr\/blasphemereneurope\/index.php\/wp-json\/wp\/v2\/media?parent=148"}],"curies":[{"name":"wp","href":"https:\/\/api.w.org\/{rel}","templated":true}]}}